{"id":13,"date":"2008-03-17T12:16:08","date_gmt":"2008-03-17T11:16:08","guid":{"rendered":"http:\/\/wp1033296.wp056.webpack.hosteurope.de\/sgniederkainsbach\/?page_id=13"},"modified":"2022-01-29T19:00:39","modified_gmt":"2022-01-29T17:00:39","slug":"senioren","status":"publish","type":"page","link":"https:\/\/www.sgniederkainsbach.de\/?page_id=13","title":{"rendered":"Senioren"},"content":{"rendered":"\n<h4 class=\"wp-block-heading\" id=\"aufstieg-in-die-kreisoberliga-dieburg-odenwald\">Aufstieg in die Kreisoberliga Dieburg\/Odenwald <\/h4>\n\n\n\n<p>2019 gelingt der 1. Mannschaft um Spielertrainer Sebastian Hagendorf der Aufstieg in die Kreisoberliga Dieburg\/Odenwald. Nach einer erfolgreichen Spielzeit in der A-Liga qualifizierte sich das Team mit dem zweiten Tabellenplatz f\u00fcr die Relegation. Das erste Relegationsspiel auf einem kleinen Kunstrasenplatz in Ober-Roden drehte die Mannschaft nach einem 0:2 R\u00fcckstand mit Unterst\u00fctzung der ca. 150 angereisten SG-Fans zu einem 3:2 Sieg. Am 5. Juni 2019 fand das zweite Spiel vor der unbeschreiblichen Kulisse von mehr als 800 Zuschauern auf unserem Sportgel\u00e4nde statt. Mit Offensivfu\u00dfball par excellence siegte unsere Mannschaft auch hier hochverdient mit 5:2 Toren und machte damit den gr\u00f6\u00dften sportlichen Erfolg seit Bestehen des Vereins perfekt. Das Bild zeigt die erfolgreiche Mannschaft am 20. Oktober 2019.<\/p>\n\n\n\n<figure class=\"wp-block-image\"><img loading=\"lazy\" decoding=\"async\" width=\"1038\" height=\"576\" src=\"https:\/\/www.sgniederkainsbach.de\/wp-content\/uploads\/2019\/11\/2019-10-20_Mannschaft_kurz.jpg\" alt=\"\" class=\"wp-image-10435\" srcset=\"https:\/\/www.sgniederkainsbach.de\/wp-content\/uploads\/2019\/11\/2019-10-20_Mannschaft_kurz.jpg 1038w, https:\/\/www.sgniederkainsbach.de\/wp-content\/uploads\/2019\/11\/2019-10-20_Mannschaft_kurz-768x426.jpg 768w\" sizes=\"auto, (max-width: 1038px) 100vw, 1038px\" \/><figcaption>Hintere Reihe v.l. Abteilungsleiter Steffen Klinger, Stefan Heiland, Sascha W\u00fcnsche, Martin Valchev, Simon Schaffnit, Nick Stiebitz, Jan H\u00fcbner, Frederik Lange, Simon Adelberger, Jannis Kepper, Trainer Sebastian Hagendorf und Christian Kocka.\nMittlere Reihe v.l. Angelo Reeg, Florian J\u00f6ckel, Martin Weber, Sebastian Stolper, Mateusz Stachowicz, Daniel Loick, Danijel Milic, Calvin Meister, Felix Wanning, Eric Guthier, Marian Reubold, Kalle W\u00fcnsche und Trainer Fabian Daum.\nVordere Reihe v.l. Michael Matthes, Giuliano Daum, Dennis Meister, Patrick Haass, Christopher Schwind, Jonas Jost, Nico M\u00fcller, Nico Wei\u00df, Patrick Hofmann, Giuliano De Meo, Marcel W\u00fcnsche, Christian Neff, Dominik Neff und Bj\u00f6rn Kabel.<\/figcaption><\/figure>\n\n\n\n<h4 class=\"wp-block-heading\" id=\"2013-gelingt-doppelaufstieg\">2013 gelingt Doppelaufstieg<\/h4>\n\n\n\n<p>Die SG Nieder-Kainsbach\/Affh\u00f6llerbach e.V. erzielte in der Saison 2012\/2013  mit Trainer Robert Schwarzkamp den bis dahin sportlich gr\u00f6\u00dften Erfolg ihrer Vereinsgeschichte: Die 1A stieg in die A-Liga auf, die 1B in C-Liga.  Das Bild zeigt die erfolgreiche Mannschaft am 26. Mai 2013.<\/p>\n\n\n\n<figure class=\"wp-block-image\"><img loading=\"lazy\" decoding=\"async\" width=\"900\" height=\"600\" src=\"https:\/\/www.sgniederkainsbach.de\/wp-content\/uploads\/2013\/05\/aufstieg_2013-05-26_01.jpg\" alt=\"\" class=\"wp-image-7009\"\/><figcaption>Hintere Reihe v.l. Nico Kabel, Trainer der zweiten Mannschaft Markus Karg, Jannis Kepper, Giuliano De Meo, Steffen Klinger, Marian Reubold, Kevin Scriba, Bj\u00f6rn Kabel, Christoper Schwind, Giuliano Daum.\nMittlere Reihe v.l. Stellv. Vorsitzende Reinhard Lannert und Hans Sch\u00f6ps, Trainer der ersten Mannschaft Robert Schwarzkamp, Frederik Lange, Patrick Hofmann, Andreas Werner, Martin Didion, Kevin Nill, Christian Kocka, Michael Matthes, Jan H\u00fcbner, 1. Vorsitzender J\u00fcrgen Abraham.\nVordere Reihe v.l. Michael Ritter, Matthias Schmucker, Stefan Heiland, Matthias Weidmann, Angelo Reeg.<\/figcaption><\/figure>\n\n\n\n<h4 class=\"wp-block-heading\" id=\"2010-steigt-die-1-mannschaft-in-die-b-liga-odenwald-auf\">2010 steigt die 1. Mannschaft in die B-Liga Odenwald auf<\/h4>\n\n\n\n<p>In der Saison 2009\/2010 holt sich die 1. Mannschaft mit Trainer Marin\u010do Panov den Meistertitel in der C-Liga Odenwald und steigt somit in die B-Liga auf. Die folgenden Bilder zeigen die 1. und die 2. Mannschaft am 29. Mai 2010.<\/p>\n\n\n\n<figure class=\"wp-block-image\"><img loading=\"lazy\" decoding=\"async\" width=\"900\" height=\"600\" src=\"https:\/\/www.sgniederkainsbach.de\/wp-content\/uploads\/2015\/08\/erste_mannschaft_2010-05-29.jpg\" alt=\"\" class=\"wp-image-7100\"\/><figcaption>Hintere Reihe v.l. Stellv. Vorsitzender Reiner Lannert, Jan H\u00fcbner, Roman Eying, Frederik Lange, Spielertrainer Marin\u010do Panov, Ren\u00e9 Lannert, Kevin Nill, Giuliano Daum, Michael Matthes und 1. Vorsitzender J\u00fcrgen Abraham.\nVordere Reihe v.l. Michael Scholl, Steffen Klinger, Jannis Kepper, Marian Reubold, Giuliano De Meo und Thorsten M\u00fcller.<\/figcaption><\/figure>\n\n\n\n<figure class=\"wp-block-image\"><img loading=\"lazy\" decoding=\"async\" width=\"900\" height=\"600\" src=\"https:\/\/www.sgniederkainsbach.de\/wp-content\/uploads\/2015\/08\/zweite_mannschaft_2010-05-29.jpg\" alt=\"\" class=\"wp-image-7102\"\/><figcaption>Hintere Reihe v.l. Lothar Beilstein, Gerd Trautmann, Klaus Dworschak, Klaus Ehrhard, Rainer Vollrath, Markus Karg, Thomas G\u00f6tz, Felix Wanning, Florian Hofmann, Martin Didion und Spielertrainer Hans Sch\u00f6ps.\nVordere Reihe v.l. Angelo Reeg, Andreas K\u00fchn, Christian Kocka, Matthias Weidmann, Patrick Lautenschl\u00e4ger, Stefan Heiland und Wilson Farazdak. Liegend: Schlussmann Tim Lautenschl\u00e4ger<\/figcaption><\/figure>\n\n\n\n<h4 class=\"wp-block-heading\" id=\"die-mannschaften-am-6-september-2009\">Die Mannschaften am 6. September 2009<\/h4>\n\n\n\n<figure class=\"wp-block-image\"><img loading=\"lazy\" decoding=\"async\" width=\"900\" height=\"600\" src=\"https:\/\/www.sgniederkainsbach.de\/wp-content\/uploads\/2008\/03\/C-Liga_Mannschaft_2009-09-06.jpg\" alt=\"\" class=\"wp-image-7199\"\/><figcaption>Hintere Reihe v.l. Betreuer Reinhard Fornoff, Spielertrainer Marin\u010do Panov, Michael Matthes, Jan H\u00fcbner, Frederik Lange, Roman Eying, Kevin Nill, Ren\u00e9 Lannert und Abteilungsleiter Philipp Giegerich.\nVordere Reihe v.l. Giuliano Daum, Michael Scholl, Giuliano De Meo, Steffen Klinger, Matthias Weidmann, Jannis Kepper und Thorsten M\u00fcller.<\/figcaption><\/figure>\n\n\n\n<figure class=\"wp-block-image\"><img loading=\"lazy\" decoding=\"async\" width=\"900\" height=\"600\" src=\"https:\/\/www.sgniederkainsbach.de\/wp-content\/uploads\/2008\/03\/D-Liga_Mannschaft_2009-09-06.jpg\" alt=\"\" class=\"wp-image-7201\"\/><figcaption>Hintere Reihe v.l. Trainer Marin\u010do Panov, Abteilungsleiter Philipp Giegerich, Stefan Heiland, Martin Didion, Markus Karg, Andreas Werner, Matthias Weidmann, Jochen Schimpf, Klaus Dworschak, Matthias Schmucker und Trainer Hans Sch\u00f6ps.\nVordere Reihe v.l. Christian Kocka, Patrick Lautenschl\u00e4ger, Hans Vetter, Klaus Kempf, Angelo Reeg und Armin Heid.<\/figcaption><\/figure>\n\n\n\n<h4 class=\"wp-block-heading\" id=\"die-mannschaften-am-21-september-2008\">Die Mannschaften am 21. September 2008<\/h4>\n\n\n\n<figure class=\"wp-block-image\"><img loading=\"lazy\" decoding=\"async\" width=\"1038\" height=\"576\" src=\"https:\/\/www.sgniederkainsbach.de\/wp-content\/uploads\/2009\/06\/Erste_Mannschaft_2008-09-21.jpg\" alt=\"\" class=\"wp-image-7574\"\/><figcaption>Hintere Reihe v.l. Patrik Musial, Matthias Weidmann, Stephan Ripper, Mustafa Yildiz, Ren\u00e9 Lannert, Trainer Marinco Panov, Thomas G\u00f6tz und Abteilungsleiter Philipp Giegerich.\nVordere Reihe v.l. Andreas K\u00fchn, Johann Lei\u00df, Christopher Baier, Niko Burazin, Felix Wanning und Patrick Lautenschl\u00e4ger.<\/figcaption><\/figure>\n\n\n\n<figure class=\"wp-block-image\"><img loading=\"lazy\" decoding=\"async\" width=\"900\" height=\"600\" src=\"https:\/\/www.sgniederkainsbach.de\/wp-content\/uploads\/2008\/03\/Zweite_Mannschaft_2008-09-21.jpg\" alt=\"\" class=\"wp-image-7204\"\/><figcaption>Hintere Reihe v.l. Betreuer Reinhard Fornoff, Abteilungsleiter Philipp Giegerich, Michael K\u00f6hler, Reiner Lannert, Thorsten Kolthoff, Armin Heid, Christian Kocka, Matthias Weidmann, der damalige Vorsitzende Jochen Sterz und Trainer Marin\u010do Panov.\nVordere Reihe v.l. Felix Wanning, J\u00fcrgen Abraham, Sascha Kowarsch, Hans Vetter, Klaus Dworschak, Matthias Schmucker, Angelo Reeg und Betreuer Hans Sch\u00f6ps.<\/figcaption><\/figure>\n\n\n\n<h4 class=\"wp-block-heading\" id=\"die-mannschaften-am-19-august-2007\">Die Mannschaften am 19. August 2007<\/h4>\n\n\n\n<figure class=\"wp-block-image\"><img loading=\"lazy\" decoding=\"async\" width=\"900\" height=\"600\" src=\"https:\/\/www.sgniederkainsbach.de\/wp-content\/uploads\/2008\/03\/1_mannschaft_2007-08-19.jpg\" alt=\"\" class=\"wp-image-7206\"\/><figcaption>Hintere Reihe v.l. Markus Karg, Andreas Werner, Stefan Heiland, Stephan Ripper, Marco Harbauer, Michael K\u00f6hler, Mustafa Yildiz, Thomas G\u00f6tz, Ren\u00e9 Lannert und Trainer Thorsten Baltz.\nVordere Reihe v.l. Faradzak Wilson, Michael Ripper, Hans Vetter, Michael Scholl, Niko Burazin, Peter Kabel, Angelo Reeg, Andre Ripper sowie Betreuer Philipp Giegerich.<\/figcaption><\/figure>\n\n\n\n<figure class=\"wp-block-image\"><img loading=\"lazy\" decoding=\"async\" width=\"900\" height=\"600\" src=\"https:\/\/www.sgniederkainsbach.de\/wp-content\/uploads\/2008\/03\/2_mannschaft_2007-08-19.jpg\" alt=\"\" class=\"wp-image-7207\"\/><figcaption>Hintere Reihe v.l. Reiner Lannert, Niko Burazin, Thorsten Kolthoff, Werner K\u00f6hler, Felix Wanning, Jens Brosig, Christian Kocka und Betreuer J\u00fcrgen Abraham.\nVordere Reihe v.l. Bare Biljeskovic, Sven Vettermann, Klaus Kempf, Patrik Musial, Klaus Ehrhard, Jochen Schimpf sowie Pascal Bolenz.<\/figcaption><\/figure>\n","protected":false},"excerpt":{"rendered":"<p>Aufstieg in die Kreisoberliga Dieburg\/Odenwald 2019 gelingt der 1. Mannschaft um Spielertrainer Sebastian Hagendorf der Aufstieg in die Kreisoberliga Dieburg\/Odenwald. Nach einer erfolgreichen Spielzeit in der A-Liga qualifizierte sich das Team mit dem zweiten Tabellenplatz f\u00fcr die Relegation. Das erste Relegationsspiel auf einem kleinen Kunstrasenplatz in Ober-Roden drehte die Mannschaft nach einem 0:2 R\u00fcckstand mit &hellip; <a href=\"https:\/\/www.sgniederkainsbach.de\/?page_id=13\" class=\"more-link\"><span class=\"screen-reader-text\">Senioren<\/span> weiterlesen <span class=\"meta-nav\">&rarr;<\/span><\/a><\/p>\n","protected":false},"author":6,"featured_media":10434,"parent":0,"menu_order":4000,"comment_status":"open","ping_status":"closed","template":"","meta":{"footnotes":""},"class_list":["post-13","page","type-page","status-publish","has-post-thumbnail","hentry"],"_links":{"self":[{"href":"https:\/\/www.sgniederkainsbach.de\/index.php?rest_route=\/wp\/v2\/pages\/13","targetHints":{"allow":["GET"]}}],"collection":[{"href":"https:\/\/www.sgniederkainsbach.de\/index.php?rest_route=\/wp\/v2\/pages"}],"about":[{"href":"https:\/\/www.sgniederkainsbach.de\/index.php?rest_route=\/wp\/v2\/types\/page"}],"author":[{"embeddable":true,"href":"https:\/\/www.sgniederkainsbach.de\/index.php?rest_route=\/wp\/v2\/users\/6"}],"replies":[{"embeddable":true,"href":"https:\/\/www.sgniederkainsbach.de\/index.php?rest_route=%2Fwp%2Fv2%2Fcomments&post=13"}],"version-history":[{"count":41,"href":"https:\/\/www.sgniederkainsbach.de\/index.php?rest_route=\/wp\/v2\/pages\/13\/revisions"}],"predecessor-version":[{"id":11029,"href":"https:\/\/www.sgniederkainsbach.de\/index.php?rest_route=\/wp\/v2\/pages\/13\/revisions\/11029"}],"wp:featuredmedia":[{"embeddable":true,"href":"https:\/\/www.sgniederkainsbach.de\/index.php?rest_route=\/wp\/v2\/media\/10434"}],"wp:attachment":[{"href":"https:\/\/www.sgniederkainsbach.de\/index.php?rest_route=%2Fwp%2Fv2%2Fmedia&parent=13"}],"curies":[{"name":"wp","href":"https:\/\/api.w.org\/{rel}","templated":true}]}}

<h4 class="wp-block-heading" id="aufstieg-in-die-kreisoberliga-dieburg-odenwald">Aufstieg in die Kreisoberliga Dieburg/Odenwald </h4>



<p>2019 gelingt der 1. Mannschaft um Spielertrainer Sebastian Hagendorf der Aufstieg in die Kreisoberliga Dieburg/Odenwald. Nach einer erfolgreichen Spielzeit in der A-Liga qualifizierte sich das Team mit dem zweiten Tabellenplatz für die Relegation. Das erste Relegationsspiel auf einem kleinen Kunstrasenplatz in Ober-Roden drehte die Mannschaft nach einem 0:2 Rückstand mit Unterstützung der ca. 150 angereisten SG-Fans zu einem 3:2 Sieg. Am 5. Juni 2019 fand das zweite Spiel vor der unbeschreiblichen Kulisse von mehr als 800 Zuschauern auf unserem Sportgelände statt. Mit Offensivfußball par excellence siegte unsere Mannschaft auch hier hochverdient mit 5:2 Toren und machte damit den größten sportlichen Erfolg seit Bestehen des Vereins perfekt. Das Bild zeigt die erfolgreiche Mannschaft am 20. Oktober 2019.</p>



<figure class="wp-block-image"><img loading="lazy" decoding="async" width="1038" height="576" src="https://www.sgniederkainsbach.de/wp-content/uploads/2019/11/2019-10-20_Mannschaft_kurz.jpg" alt="" class="wp-image-10435" srcset="https://www.sgniederkainsbach.de/wp-content/uploads/2019/11/2019-10-20_Mannschaft_kurz.jpg 1038w, https://www.sgniederkainsbach.de/wp-content/uploads/2019/11/2019-10-20_Mannschaft_kurz-768x426.jpg 768w" sizes="auto, (max-width: 1038px) 100vw, 1038px" /><figcaption>Hintere Reihe v.l. Abteilungsleiter Steffen Klinger, Stefan Heiland, Sascha Wünsche, Martin Valchev, Simon Schaffnit, Nick Stiebitz, Jan Hübner, Frederik Lange, Simon Adelberger, Jannis Kepper, Trainer Sebastian Hagendorf und Christian Kocka.
Mittlere Reihe v.l. Angelo Reeg, Florian Jöckel, Martin Weber, Sebastian Stolper, Mateusz Stachowicz, Daniel Loick, Danijel Milic, Calvin Meister, Felix Wanning, Eric Guthier, Marian Reubold, Kalle Wünsche und Trainer Fabian Daum.
Vordere Reihe v.l. Michael Matthes, Giuliano Daum, Dennis Meister, Patrick Haass, Christopher Schwind, Jonas Jost, Nico Müller, Nico Weiß, Patrick Hofmann, Giuliano De Meo, Marcel Wünsche, Christian Neff, Dominik Neff und Björn Kabel.</figcaption></figure>



<h4 class="wp-block-heading" id="2013-gelingt-doppelaufstieg">2013 gelingt Doppelaufstieg</h4>



<p>Die SG Nieder-Kainsbach/Affhöllerbach e.V. erzielte in der Saison 2012/2013  mit Trainer Robert Schwarzkamp den bis dahin sportlich größten Erfolg ihrer Vereinsgeschichte: Die 1A stieg in die A-Liga auf, die 1B in C-Liga.  Das Bild zeigt die erfolgreiche Mannschaft am 26. Mai 2013.</p>



<figure class="wp-block-image"><img loading="lazy" decoding="async" width="900" height="600" src="https://www.sgniederkainsbach.de/wp-content/uploads/2013/05/aufstieg_2013-05-26_01.jpg" alt="" class="wp-image-7009"/><figcaption>Hintere Reihe v.l. Nico Kabel, Trainer der zweiten Mannschaft Markus Karg, Jannis Kepper, Giuliano De Meo, Steffen Klinger, Marian Reubold, Kevin Scriba, Björn Kabel, Christoper Schwind, Giuliano Daum.
Mittlere Reihe v.l. Stellv. Vorsitzende Reinhard Lannert und Hans Schöps, Trainer der ersten Mannschaft Robert Schwarzkamp, Frederik Lange, Patrick Hofmann, Andreas Werner, Martin Didion, Kevin Nill, Christian Kocka, Michael Matthes, Jan Hübner, 1. Vorsitzender Jürgen Abraham.
Vordere Reihe v.l. Michael Ritter, Matthias Schmucker, Stefan Heiland, Matthias Weidmann, Angelo Reeg.</figcaption></figure>



<h4 class="wp-block-heading" id="2010-steigt-die-1-mannschaft-in-die-b-liga-odenwald-auf">2010 steigt die 1. Mannschaft in die B-Liga Odenwald auf</h4>



<p>In der Saison 2009/2010 holt sich die 1. Mannschaft mit Trainer Marinčo Panov den Meistertitel in der C-Liga Odenwald und steigt somit in die B-Liga auf. Die folgenden Bilder zeigen die 1. und die 2. Mannschaft am 29. Mai 2010.</p>



<figure class="wp-block-image"><img loading="lazy" decoding="async" width="900" height="600" src="https://www.sgniederkainsbach.de/wp-content/uploads/2015/08/erste_mannschaft_2010-05-29.jpg" alt="" class="wp-image-7100"/><figcaption>Hintere Reihe v.l. Stellv. Vorsitzender Reiner Lannert, Jan Hübner, Roman Eying, Frederik Lange, Spielertrainer Marinčo Panov, René Lannert, Kevin Nill, Giuliano Daum, Michael Matthes und 1. Vorsitzender Jürgen Abraham.
Vordere Reihe v.l. Michael Scholl, Steffen Klinger, Jannis Kepper, Marian Reubold, Giuliano De Meo und Thorsten Müller.</figcaption></figure>



<figure class="wp-block-image"><img loading="lazy" decoding="async" width="900" height="600" src="https://www.sgniederkainsbach.de/wp-content/uploads/2015/08/zweite_mannschaft_2010-05-29.jpg" alt="" class="wp-image-7102"/><figcaption>Hintere Reihe v.l. Lothar Beilstein, Gerd Trautmann, Klaus Dworschak, Klaus Ehrhard, Rainer Vollrath, Markus Karg, Thomas Götz, Felix Wanning, Florian Hofmann, Martin Didion und Spielertrainer Hans Schöps.
Vordere Reihe v.l. Angelo Reeg, Andreas Kühn, Christian Kocka, Matthias Weidmann, Patrick Lautenschläger, Stefan Heiland und Wilson Farazdak. Liegend: Schlussmann Tim Lautenschläger</figcaption></figure>



<h4 class="wp-block-heading" id="die-mannschaften-am-6-september-2009">Die Mannschaften am 6. September 2009</h4>



<figure class="wp-block-image"><img loading="lazy" decoding="async" width="900" height="600" src="https://www.sgniederkainsbach.de/wp-content/uploads/2008/03/C-Liga_Mannschaft_2009-09-06.jpg" alt="" class="wp-image-7199"/><figcaption>Hintere Reihe v.l. Betreuer Reinhard Fornoff, Spielertrainer Marinčo Panov, Michael Matthes, Jan Hübner, Frederik Lange, Roman Eying, Kevin Nill, René Lannert und Abteilungsleiter Philipp Giegerich.
Vordere Reihe v.l. Giuliano Daum, Michael Scholl, Giuliano De Meo, Steffen Klinger, Matthias Weidmann, Jannis Kepper und Thorsten Müller.</figcaption></figure>



<figure class="wp-block-image"><img loading="lazy" decoding="async" width="900" height="600" src="https://www.sgniederkainsbach.de/wp-content/uploads/2008/03/D-Liga_Mannschaft_2009-09-06.jpg" alt="" class="wp-image-7201"/><figcaption>Hintere Reihe v.l. Trainer Marinčo Panov, Abteilungsleiter Philipp Giegerich, Stefan Heiland, Martin Didion, Markus Karg, Andreas Werner, Matthias Weidmann, Jochen Schimpf, Klaus Dworschak, Matthias Schmucker und Trainer Hans Schöps.
Vordere Reihe v.l. Christian Kocka, Patrick Lautenschläger, Hans Vetter, Klaus Kempf, Angelo Reeg und Armin Heid.</figcaption></figure>



<h4 class="wp-block-heading" id="die-mannschaften-am-21-september-2008">Die Mannschaften am 21. September 2008</h4>



<figure class="wp-block-image"><img loading="lazy" decoding="async" width="1038" height="576" src="https://www.sgniederkainsbach.de/wp-content/uploads/2009/06/Erste_Mannschaft_2008-09-21.jpg" alt="" class="wp-image-7574"/><figcaption>Hintere Reihe v.l. Patrik Musial, Matthias Weidmann, Stephan Ripper, Mustafa Yildiz, René Lannert, Trainer Marinco Panov, Thomas Götz und Abteilungsleiter Philipp Giegerich.
Vordere Reihe v.l. Andreas Kühn, Johann Leiß, Christopher Baier, Niko Burazin, Felix Wanning und Patrick Lautenschläger.</figcaption></figure>



<figure class="wp-block-image"><img loading="lazy" decoding="async" width="900" height="600" src="https://www.sgniederkainsbach.de/wp-content/uploads/2008/03/Zweite_Mannschaft_2008-09-21.jpg" alt="" class="wp-image-7204"/><figcaption>Hintere Reihe v.l. Betreuer Reinhard Fornoff, Abteilungsleiter Philipp Giegerich, Michael Köhler, Reiner Lannert, Thorsten Kolthoff, Armin Heid, Christian Kocka, Matthias Weidmann, der damalige Vorsitzende Jochen Sterz und Trainer Marinčo Panov.
Vordere Reihe v.l. Felix Wanning, Jürgen Abraham, Sascha Kowarsch, Hans Vetter, Klaus Dworschak, Matthias Schmucker, Angelo Reeg und Betreuer Hans Schöps.</figcaption></figure>



<h4 class="wp-block-heading" id="die-mannschaften-am-19-august-2007">Die Mannschaften am 19. August 2007</h4>



<figure class="wp-block-image"><img loading="lazy" decoding="async" width="900" height="600" src="https://www.sgniederkainsbach.de/wp-content/uploads/2008/03/1_mannschaft_2007-08-19.jpg" alt="" class="wp-image-7206"/><figcaption>Hintere Reihe v.l. Markus Karg, Andreas Werner, Stefan Heiland, Stephan Ripper, Marco Harbauer, Michael Köhler, Mustafa Yildiz, Thomas Götz, René Lannert und Trainer Thorsten Baltz.
Vordere Reihe v.l. Faradzak Wilson, Michael Ripper, Hans Vetter, Michael Scholl, Niko Burazin, Peter Kabel, Angelo Reeg, Andre Ripper sowie Betreuer Philipp Giegerich.</figcaption></figure>



<figure class="wp-block-image"><img loading="lazy" decoding="async" width="900" height="600" src="https://www.sgniederkainsbach.de/wp-content/uploads/2008/03/2_mannschaft_2007-08-19.jpg" alt="" class="wp-image-7207"/><figcaption>Hintere Reihe v.l. Reiner Lannert, Niko Burazin, Thorsten Kolthoff, Werner Köhler, Felix Wanning, Jens Brosig, Christian Kocka und Betreuer Jürgen Abraham.
Vordere Reihe v.l. Bare Biljeskovic, Sven Vettermann, Klaus Kempf, Patrik Musial, Klaus Ehrhard, Jochen Schimpf sowie Pascal Bolenz.</figcaption></figure>

<p>Aufstieg in die Kreisoberliga Dieburg/Odenwald 2019 gelingt der 1. Mannschaft um Spielertrainer Sebastian Hagendorf der Aufstieg in die Kreisoberliga Dieburg/Odenwald. Nach einer erfolgreichen Spielzeit in der A-Liga qualifizierte sich das Team mit dem zweiten Tabellenplatz für die Relegation. Das erste Relegationsspiel auf einem kleinen Kunstrasenplatz in Ober-Roden drehte die Mannschaft nach einem 0:2 Rückstand mit &hellip; <a href="https://www.sgniederkainsbach.de/?page_id=13" class="more-link"><span class="screen-reader-text">Senioren</span> weiterlesen <span class="meta-nav">&rarr;</span></a></p>
